 factor of 875 and 525.
175
Calculate the highest common factor of 14 and 126.
14
What is the highest common factor of 918 and 378?
54
What is the highest common factor of 5056 and 64?
64
What is the greatest common divisor of 130 and 377?
13
What is the highest common factor of 88 and 12254?
22
What is the greatest common divisor of 7 and 728?
7
What is the highest common factor of 86 and 774?
86
What is the highest common factor of 550 and 418?
22
Calculate the highest common divisor of 536 and 3551.
67
What is the highest common divisor of 2596 and 132?
44
What is the highest common divisor of 936 and 72?
72
What is the highest common factor of 5117 and 119?
119
What is the greatest common factor of 546 and 210?
42
What is the greatest common divisor of 22 and 6?
2
Calculate the greatest common factor of 597 and 3.
3
What is the greatest common divisor of 310 and 350?
10
What is the highest common factor of 59 and 5015?
59
Calculate the greatest common divisor of 775 and 62.
31
Calculate the greatest common factor of 490 and 1190.
70
What is the greatest common factor of 65 and 5?
5
Calculate the highest common divisor of 6903 and 117.
117
What is the highest common factor of 368 and 80?
16
Calculate the greatest common divisor of 78 and 91.
13
Calculate the highest common factor of 1 and 31.
1
Calculate the greatest common divisor of 6 and 6576.
6
Calculate the greatest common factor of 25 and 1800.
25
Calculate the greatest common divisor of 682 and 22.
22
Calculate the highest common factor of 86 and 559.
43
What is the greatest common divisor of 354 and 50091?
177
Calculate the greatest common factor of 150 and 9.
3
Calculate the greatest common factor of 189 and 4473.
63
What is the highest common divisor of 66 and 4334?
22
Calculate the highest common factor of 306 and 126.
18
Calculate the greatest common factor of 672 and 1312.
32
What is the highest common divisor of 48 and 32912?
16
What is the highest common factor of 3 and 1509?
3
Calculate the highest common factor of 90 and 195.
15
Calculate the highest common divisor of 170 and 986.
34
What is the greatest common factor of 20 and 810?
10
Calculate the highest common divisor of 2690 and 10.
10
What is the greatest common divisor of 14 and 658?
14
Calculate the highest common factor of 1504 and 32.
32
Calculate the highest common divisor of 4 and 5.
1
What is the highest common divisor of 11 and 1727?
11
What is the greatest common factor of 304 and 28?
4
What is the greatest common divisor of 32 and 800?
32
Calculate the greatest common divisor of 8 and 94.
2
Calculate the highest common factor of 360 and 630.
90
What is the greatest common divisor of 140 and 30?
10
Calculate the greatest common divisor of 187 and 1224.
17
What is the greatest common divisor of 168 and 2568?
24
Calculate the greatest common divisor of 240 and 4770.
30
Calculate the highest common divisor of 114 and 95.
19
What is the highest common factor of 1003 and 680?
17
Calculate the greatest common divisor of 57 and 3.
3
Calculate the greatest common divisor of 8 and 4168.
8
Calculate the greatest common divisor of 12 and 168.
12
What is the highest common factor of 495 and 880?
55
Calculate the greatest common divisor of 108 and 7263.
27
What is the highest common factor of 86 and 430?
86
What is the highest common factor of 776 and 152?
8
Calculate the greatest common factor of 656 and 1107.
41
What is the greatest common factor of 35 and 10255?
35
Calculate the greatest common factor of 1173 and 575.
23
What is the highest common divisor of 490 and 35?
35
Calculate the highest common factor of 6 and 1269.
3
Calculate the greatest common divisor of 26 and 2522.
26
What is the greatest common factor of 78 and 182?
26
What is the highest common divisor of 476 and 119?
119
What is the greatest common divisor of 66 and 22?
22
Calculate the greatest common divisor of 10 and 29530.
10
Calculate the highest common factor of 85 and 34.
17
What is the greatest common divisor of 66 and 1694?
22
What is the highest common divisor of 105 and 305?
5
What is the highest common factor of 14 and 63?
7
What is the greatest common divisor of 231 and 132?
33
Calculate the highest common divisor of 472 and 1534.
118
What is the greatest common divisor of 273 and 105?
21
What is the greatest common divisor of 84 and 12600?
84
What is the greatest common factor of 196 and 882?
98
Calculate the highest common factor of 2793 and 57.
57
What is the greatest common factor of 6660 and 2368?
148
What is the highest common factor of 8 and 88?
8
What is the greatest common divisor of 6 and 2601?
3
Calculate the greatest common factor of 1963 and 13.
13
Calculate the greatest common factor of 368 and 161.
23
Calculate the highest common factor of 287 and 164.
41
What is the greatest common factor of 18 and 45?
9
What is the highest common divisor of 910 and 624?
26
Calculate the greatest common factor of 693 and 88.
11
What is the highest common factor of 30 and 102?
6
What is the highest common divisor of 6 and 3222?
6
Calculate the greatest common factor of 18 and 318.
6
Calculate the highest common divisor of 7 and 567.
7
What is the highest common factor of 52 and 3666?
26
What is the greatest common divisor of 128 and 196?
4
Calculate the greatest common factor of 205 and 82.
41
What is the greatest common factor of 1770 and 30?
30
What is the greatest common divisor of 20 and 12?
4
Calculate the greatest common divisor of 30 and 114.
6
Calculate the highest common factor of 549 and 61.
61
What is the highest common factor of 568 and 32?
8
Calculate the highest common factor of 4736 and 37.
37
Calculate the highest common factor of 64 and 448.
64
What is the highest common factor of 3589 and 776?
97
Calculate the highest common divisor of 735 and 294.
147
Calculate the greatest common divisor of 148 and 703.
37
Calculate the greatest common factor of 42294 and 53.
53
Calculate the highest common factor of 91 and 13104.
91
Calculate the highest common divisor of 42 and 364.
14
Calculate the greatest common factor of 627 and 38.
19
What is the greatest common divisor of 2698 and 152?
38
What is the highest common factor of 3306 and 114?
114
Calculate the highest common factor of 9 and 747.
9
What is the greatest common factor of 56 and 4424?
56
Calculate the highest common divisor of 176 and 32.
16
What is the greatest common divisor of 14 and 4788?
14
What is the greatest common factor of 9019 and 29?
29
What is the greatest common factor of 16416 and 30?
6
What is the greatest common divisor of 201 and 536?
67
What is the greatest common divisor of 1020 and 17?
17
What is the highest common divisor of 96 and 33?
3
What is the highest common factor of 990 and 420?
30
What is the greatest common factor of 21 and 84?
21
Calculate the highest common divisor of 85 and 3808.
17
Calculate the highest common divisor of 1325 and 700.
25
Calculate the highest common divisor of 500 and 380.
20
What is the highest common factor of 35 and 21665?
35
What is the greatest common divisor of 416 and 156?
52
Calculate the greatest common factor of 77125 and 25.
25
Calculate the greatest common factor of 96 and 7968.
96
Calculate the greatest common divisor of 900 and 828.
36
What is the greatest common factor of 10 and 3530?
10
Calculate the highest common divisor of 112 and 64.
16
Calculate the highest common factor of 30 and 31.
1
Calculate the greatest common divisor of 316 and 56.
4
Calculate the greatest common factor of 368 and 207.
23
What is the greatest common factor of 584 and 64?
8
What is the greatest common divisor of 3124 and 55?
11
What is the greatest common divisor of 68 and 85?
17
What is the greatest common factor of 12 and 852?
12
What is the greatest common divisor of 6 and 345?
3
What is the highest common divisor of 2771 and 326?
163
Calculate the highest common factor of 27 and 108.
27
What is the highest common divisor of 693 and 483?
21
Calculate the greatest common divisor of 42 and 448.
14
What is the highest common divisor of 1408 and 88?
88
What is the highest common divisor of 11 and 11?
11
Calculate the highest common divisor of 117 and 78.
39
Calculate the highest common divisor of 238 and 406.
14
What is the